et d be z(8). Suppose d = m - 4 - 2. What is the units digit of m?
6
Let f be 1/(-4) - 999/36. Let z = 24 - f. What is the units digit of z?
2
Suppose -5*v = -5*z + 5, -z + 6 = 6*v - 2*v. Let i(w) = w**2 - w - 1. Let q be i(2). What is the units digit of 7 + v/q + 0?
8
Suppose 0 = 4*a + 2*q - 4, -4*a = -a - 3*q - 12. Suppose 0 = -a*t + 3*t - 19. What is the tens digit of t?
1
Let n(z) = 10*z + 1. What is the units digit of n(1)?
1
Let m(t) = 3*t - 7. Let v be m(5). Suppose -6*h + 2*h + 8 = 0. Suppose 4*l - w = 18, 0 = l - 4*l - h*w + v. What is the units digit of l?
4
Let b = 928 - 532. What is the tens digit of b?
9
Suppose -7*o = -5*o + 4. What is the units digit of o/(-4)*2 + 4?
5
What is the tens digit of (3 - 4)/(-1) + 11?
1
Let o(v) be the first derivative of 2*v**2 - 5/3*v**3 + 2*v + 1 + 1/4*v**4. What is the units digit of o(4)?
2
What is the tens digit of 39/(-2)*20/(-6)?
6
Let o(p) = 20*p + 50. What is the tens digit of o(12)?
9
Let l = -11 - -5. What is the units digit of l/21 + 16/7?
2
Suppose -3 = 4*m - 15. What is the units digit of -2*(1 - m)*3?
2
Suppose -4*z = -0*z - 16. Let d be (-6)/(-3)*(2 - z). Let r = d - -14. What is the tens digit of r?
1
Suppose 3*t + 4*m - 172 = 0, -5*m - 217 = -5*t + 23. What is the tens digit of t?
5
Let g = -8 + 19. Let q = 18 - g. What is the units digit of q?
7
Let g(m) = -m**2 - 12*m**2 + 2*m**2 - 12 + 8*m + 0*m**3 - m**3. Let x be g(-12). Let v = x + -23. What is the tens digit of v?
1
Let l be 64/12 - (-1)/(-3). Suppose q + 32 = l*r, -4*q = -2*q - 6. What is the units digit of r?
7
Let p = 64 + -108. Let y = -24 - p. What is the units digit of y?
0
Suppose -3*c - 8 = -5*c. Suppose -k - c*k = -25. What is the units digit of k?
5
Suppose -3*t + 0*c + 4*c + 49 = 0, -t + 13 = 2*c. Let w = -6 + t. Suppose 3*i + w = 4*i. What is the units digit of i?
9
Let s(u) = u**3 + 4*u**2 - 7*u - 7. Let g be s(-5). Suppose 3*t = g, 0 = 5*y - 0*t + 5*t + 40. What is the units digit of ((-18)/(-8))/(y/(-24))?
6
Suppose 5*r = -148 + 403. What is the tens digit of r?
5
Let u be 4/4 + 4 + 3. Suppose -f + 5*s + u = 1, 131 = 5*f - s. What is the tens digit of f?
2
Let h = 184 - 110. What is the units digit of h?
4
Let j be ((-14)/(-3))/((-1)/3). Suppose -2*i = -0*i - 3*y + 29, -2*i + y = 19. Let b = i - j. What is the units digit of b?
7
Let n be 4/(-14) - (-30)/7. Suppose n*d + 76 = 4*a, 0*d = 5*d - a + 87. Let g = -11 - d. What is the units digit of g?
6
Let h(v) = 2*v - 3*v + 8*v - 5 + v. What is the tens digit of h(4)?
2
Suppose -26 + 182 = 3*v. What is the units digit of v?
2
Let z(m) = 29*m - 3. What is the tens digit of z(1)?
2
Suppose -q - 23 = 5*t, q + 4*t = -5 - 17. Let s = -3 - q. What is the units digit of s?
5
Let c = -142 - -304. What is the units digit of c?
2
Let c(s) = -s + 7. Let y be c(6). Let r = 2 - y. What is the units digit of r?
1
Let r(s) = 3*s + 7 + 3*s - 2 - 1 - s**2. What is the units digit of r(5)?
9
Suppose 3*l - 270 = -5*m, -l + 52 = 4*m - 38. Let x = -62 - -63. Suppose -5*o + 5*z + l = 0, x - 3 = -2*z. What is the tens digit of o?
1
Suppose 0 = -2*r, -2*q = -r - 4*r. Suppose 5*k - 2*c - 154 = 25, 3*c - 9 = q. Suppose -3*n + k = 7. What is the tens digit of n?
1
Suppose -6*s + 5*s = 0. Suppose s*q = -5*q + 135. What is the tens digit of q?
2
Let m(g) = -g**2 + 7*g - 6. Let l be m(6). Suppose n + 5*i = 5*n - 56, l = 3*i. What is the tens digit of n?
1
Let f be 0 + (0 - (2 - 0)). Let a be 152/6 + f/6. Suppose -5 = 2*q - a. What is the units digit of q?
0
Suppose -3*g = -w - 754, -5*g + w + 1004 = -g. What is the tens digit of g?
5
Suppose 4*o = 149 - 33. What is the tens digit of o?
2
Suppose -5*l = 4*f - 25 + 70, -15 = -f + 4*l. Let a(i) = -i**3 - 3*i**2 + 8*i + 3. What is the tens digit of a(f)?
1
Let j(s) = 4*s**2 + s - 4. Let b be j(-3). Suppose 4*w - 2*f - b = f, -4*w + 23 = -f. Suppose 42 - 12 = w*v. What is the units digit of v?
6
Suppose -5*u = -4*o + 73, -41 + 9 = -2*o + 4*u. What is the units digit of o?
2
Let n(g) be the third derivative of -g**4/24 + 5*g**3/6 - 4*g**2. What is the units digit of n(-4)?
9
Let x = -179 + 357. What is the hundreds digit of x?
1
Let d = 5 + -4. Let q = 2 - d. What is the units digit of (5 - (-1 - 1)) + q?
8
What is the hundreds digit of (-2)/(-2)*(178 - -24)?
2
Let w be (-1)/5 + (-28)/10. Let o = -11 - w. Let p = -2 - o. What is the units digit of p?
6
Suppose 4*m - 6 = 14. Suppose 150 = m*x - 0*x. What is the tens digit of x?
3
Let j be (-3)/(2*1/(-26)). Let t = j + -8. Let y = t - 17. What is the tens digit of y?
1
What is the units digit of -4 - -3 - -9 - -2?
0
Let m be (-2)/((-26)/(-30) + -1). Let i be -8 + (0/(-1) - -2). What is the units digit of 4*(m/i)/(-5)?
2
Suppose -2*k + 50 + 114 = p, -172 = -2*k - 3*p. What is the units digit of k?
0
Suppose -68 = -2*h + 2*c, -4*h - 3*c + 51 + 57 = 0. What is the tens digit of h?
3
Let i(l) = -8*l - 24. What is the units digit of i(-13)?
0
Let h(r) = -8*r**2 + 1. Let j(g) = -g + 5. Let b be j(4). Let n be h(b). Let d(f) = -f**2 - 10*f - 10. What is the tens digit of d(n)?
1
What is the units digit of 4/12 - (-222)/9?
5
Let z = -15 + 48. What is the units digit of z?
3
What is the units digit of ((-30)/(-9))/(-4*(-4)/672)?
0
Let v = 2 - 0. What is the units digit of -6*1*(-1)/v?
3
Suppose 0*m + m = 0. Suppose b - l = 6*b + 26, 3*b - 3*l + 30 = m. What is the units digit of 0 + b/(-2) + -2?
1
Let o = -6 - -18. Let d = o + 1. What is the tens digit of d?
1
Let i = -12 - -15. Suppose 0 + 5 = 5*z, -2*y - i*z + 61 = 0. What is the units digit of y?
9
Suppose 4*r = 56 + 16. Suppose 2*p = p - r. What is the units digit of (-122)/p + 2/9?
7
Let o be 2 + -2*(-1 - 0). What is the tens digit of (70/o)/(2/4)?
3
Suppose -5*f + 5 = -5, 5*b + 3*f - 61 = 0. What is the units digit of b?
1
Let m be (-1)/(2*2/(-8)). Let y(t) = 2*t - t + 3 - m*t. What is the units digit of y(-5)?
8
Let j = 62 - 34. Suppose -2*h = 12 - j. Suppose 3*o = -o + h. What is the units digit of o?
2
Suppose 60 = 4*c - 76. What is the units digit of c?
4
Suppose 3*d = 2*r + 2, -4*d + 3 = -3*r - 0. Let p(c) be the third derivative of -7*c**6/120 - c**5/60 - c**2. What is the units digit of p(r)?
6
Suppose 20 = 2*s - 0*s. What is the units digit of s?
0
Suppose -22*w - 950 = -27*w. What is the hundreds digit of w?
1
Suppose -5*r + 225 = -2*g, -5*g = 5*r - g - 255. What is the units digit of r?
7
Suppose -h + 56 = -26. Suppose 0 = 2*m - 5*w - 47, 0*m = 4*m + 2*w - h. What is the units digit of m?
1
Let o = 1 + 54. Suppose d - 4*w = -26, o = -2*d - 3*d + 5*w. What is the units digit of 4/d*(-18)/4?
3
Let u(j) = 21*j**2 + 5*j + 6. What is the units digit of u(-2)?
0
Let i(o) = -3*o**2 - 4*o - 5. Let u(y) = y + 1. Let m(w) = -i(w) - 4*u(w). What is the units digit of m(-1)?
4
Let a = -18 + 5. Let y(r) = r**2 + 10*r + 12. What is the tens digit of y(a)?
5
Let r = 100 + -57. What is the tens digit of r?
4
Suppose -a + 4*a = 93. Let g = a + 14. Suppose 0 = 3*i + 15 - g. What is the units digit of i?
0
Let k = 115 + -55. Suppose 5*j - k = 20. Suppose 2*z + 3*z = a - j, a - 4 = -z. What is the units digit of a?
6
Let t be (-4)/20 + (-16)/(-5). Suppose 19 = 3*k + 4*g, -2*k - 3*k + t*g = -22. What is the units digit of k?
5
Let s(l) = l**3 + 7*l**2 + 6*l + 2. Let d be (5/(-15))/(1/(-12)). Suppose -5*g + d = 34. What is the units digit of s(g)?
2
Let y(b) = 8 - 3*b**2 - b - 2*b**2 - b**3 + 6*b. What is the tens digit of y(-6)?
1
Suppose -21 = -0*f - 3*f. Let i(s) = s**3 - 8*s**2 + 7*s + 4. What is the units digit of i(f)?
4
Let h(w) be the third derivative of -w**6/120 + 7*w**5/60 + 5*w**3/3 - 3*w**2. What is the tens digit of h(7)?
1
Let s = -19 + 13. Let q = 4 + 0. What is the units digit of (-92)/(-12) + q/s?
7
Let i(a) = a**3 - 8*a**2 + 8*a - 12. What is the units digit of i(8)?
2
Let q(a) = -a**3 - 13*a**2 - 14*a - 18. What is the units digit of q(-12)?
6
Suppose -2*c + 15 = 3*c. Suppose 4*k + 2*r = c*r + 86, -2*r + 101 = 5*k. Suppose 0 = 5*u - 3*d - k, 0*u - 4*u = 4*d - 36. What is the units digit of u?
6
Suppose -3*b - m - 31 = -0*b, -3*b + 4*m = 11. Let h = -22 - b. What is the units digit of 6/(-4 - -1) - h?
1
Let c be (0 + 1)/((-3)/(-3)). Let y = -1 + c. What is the units digit of 0 + 6 - y/2?
6
Suppose 20 = -5*n - 15. Suppose -6*u + 5*u = 0, -5*y